 = -12*x**2 + 21751*x - 194785. Calculate u(9).
2
Let x(t) = 2*t**3 + 22*t**2 - 620*t - 6841. What is x(-11)?
-21
Let k(p) = 425749*p - 2980245. Give k(7).
-2
Let y(i) = 1802*i - 23423. Determine y(13).
3
Let t(c) = -4233*c + 313241. What is t(74)?
-1
Let p(y) = 2971*y - 17260. What is p(6)?
566
Let w(f) = 88*f**2 - 12590*f + 904. What is w(143)?
46
Let c(p) = 40865*p - 2656221. What is c(65)?
4
Let w(r) = 59*r**2 + 1972*r + 830. What is w(-33)?
5
Let d(t) = -2449*t - 120012. What is d(-49)?
-11
Let w(b) = -27300*b + 167448. Calculate w(6).
3648
Let o(p) = -104*p**2 - 48*p + 43. Give o(-2).
-277
Let r(b) = -19*b**2 - 707*b + 31208. What is r(26)?
-18
Let n(p) = -26*p**3 + 21459*p**2 - 7460*p + 28868. Calculate n(825).
-7
Let u(g) = -3*g**3 + 20*g**2 + 79*g - 65. What is u(9)?
79
Let p(n) = 2*n**3 - 185*n**2 + 2140*n - 634. Calculate p(79).
-81
Let a(y) = -y**3 + 126*y**2 - 709*y - 66. Determine a(6).
0
Let a(v) = 1942*v - 9705. Give a(5).
5
Let p(v) = 125*v**3 + 844*v**2 + 564*v - 3. What is p(-6)?
-3
Let v(q) = q**3 - 102*q**2 + 1298*q - 68. What is v(15)?
-173
Let t(p) = 6246*p + 43685. What is t(-7)?
-37
Let o(d) = 443*d**3 - 44*d**2 - 52*d - 9. Calculate o(-1).
-444
Let l(n) = -n**2 + 752*n - 12284. Determine l(16).
-508
Let z(y) = 1735*y + 112712. Calculate z(-65).
-63
Let c(g) = -g**3 - 41*g**2 + 163*g + 1535. Calculate c(-44).
171
Let w(v) = v**3 + 2*v**2 + 298*v. Calculate w(0).
0
Let b(h) = -49*h**2 + 4193*h + 1869. What is b(86)?
63
Let y(q) = -2*q**2 + 31*q - 398. Give y(11).
-299
Let b(g) = 50380*g - 251894. Calculate b(5).
6
Let w(n) = n**3 - 5*n**2 + 31324*n - 250793. Give w(8).
-9
Let u(j) = -6*j**2 - 1773*j + 25038. What is u(-309)?
9
Let k(b) = -395*b - 21393. Give k(-47).
-2828
Let r(f) = 730*f + 2984. What is r(-8)?
-2856
Let c(f) = 5*f - 249. Determine c(-19).
-344
Let k(a) = -9*a**2 + 7269*a - 29078. Calculate k(4).
-146
Let v(o) = -427*o - 101013. What is v(-236)?
-241
Let p(b) = 170*b**3 - 12921*b**2 + 85*b - 576. What is p(76)?
108
Let z(m) = 14929*m + 134845. Give z(-9).
484
Let v(p) = 2*p**2 - 573*p + 26501. Give v(58).
-5
Let h(s) = 4*s**3 + 660*s**2 - 24. Determine h(-165).
-24
Let m(o) = -o**2 - 30490*o - 304913. Calculate m(-10).
-113
Let f(u) = 3*u**2 - 9*u - 2919. What is f(32)?
-135
Let z(f) = 21403*f - 363649. Determine z(17).
202
Let s(i) = i**3 + 56*i**2 - 124*i - 1135. Determine s(-58).
-671
Let d(b) = 183*b - 31778. Give d(173).
-119
Let u(d) = 5305*d - 90203. Give u(17).
-18
Let t(v) = -v**3 - 18*v**2 - 24*v - 515. Give t(-20).
765
Let s(n) = -331*n**2 + 175105*n - 3183. Determine s(529).
-9
Let d(h) = h**2 + 289*h + 9103. Determine d(-49).
-2657
Let w(h) = 28721*h - 257969. Determine w(9).
520
Let z(d) = 188*d - 16242. Determine z(101).
2746
Let h(x) = 7405*x**2 + 1495809*x - 259. What is h(-202)?
-57
Let p(n) = -n**3 + 33*n**2 - 42*n + 1323. Give p(32).
1003
Let j(s) = 270*s**2 - 29*s - 72. Determine j(-2).
1066
Let s(m) = 292*m + 7371. Give s(-26).
-221
Let d(w) = -w**3 + 127*w**2 + 377*w + 591. Give d(130).
-1099
Let n(z) = -8794*z - 70441. Calculate n(-8).
-89
Let l(u) = 10*u**2 - 4004*u - 10526. Determine l(403).
-48
Let g(x) = 2*x**3 + 2*x**2 + 127*x - 927. Give g(8).
1241
Let o(q) = q**3 - 112*q**2 - 36*q + 14665. Calculate o(111).
-1652
Let b(h) = 2*h**2 - 119*h - 23269. Give b(146).
1989
Let n(s) = -s**3 + 43*s**2 - 294*s - 402. Give n(34).
6
Let r(t) = -t**3 - 205*t**2 - 4055*t + 23843. Determine r(-182).
1
Let t(p) = 2*p**2 - 371*p - 179630. What is t(-221)?
43
Let x(b) = -312*b + 6179. What is x(20)?
-61
Let c(w) = 2*w**3 + 4*w**2 - 449*w - 19. What is c(-16)?
-3
Let b(m) = -m**2 - 5201*m - 124498. What is b(-24)?
-250
Let a(u) = 2*u**3 - 14*u**2 + 343*u - 1593. Calculate a(5).
22
Let v(a) = -30*a**2 + 2735*a - 349. Calculate v(91).
106
Let m(w) = 15*w**3 - 34*w**2 - 226*w + 436. Calculate m(2).
-32
Let b(l) = -2000*l + 66033. Calculate b(33).
33
Let c(k) = -67*k**2 + 194*k - 193. Calculate c(1).
-66
Let r(p) = -57076*p - 684906. Determine r(-12).
6
Let s(x) = -15*x**3 - 298*x**2 + 60*x + 450. Calculate s(-20).
50
Let u(d) = -2*d**3 + 7*d**2 - 2643*d + 16010. Calculate u(6).
-28
Let z(g) = -327*g**2 + 310015*g - 18005. Calculate z(948).
7
Let d(m) = m**2 - 966*m - 560411. Determine d(-408).
181
Let f(w) = w**3 - 67*w**2 - 5*w - 861. Calculate f(67).
-1196
Let a(w) = 1879*w + 740343. What is a(-394)?
17
Let u(p) = 4*p**3 - 49*p**2 + 66*p - 2291. Calculate u(14).
5
Let l(w) = 13*w**2 + 107*w + 94. Give l(-7).
-18
Let v(l) = -11*l**2 - 3854*l - 60007. What is v(-334)?
113
Let y(s) = 2*s**2 + 101*s + 479. Calculate y(-8).
-201
Let i(j) = 10*j**3 - 17*j**2 + 3*j - 158. Determine i(3).
-32
Let t(c) = 829*c - 114423. What is t(138)?
-21
Let g(r) = 6*r**2 + 1175*r + 25381. Determine g(-171).
-98
Let n(m) = m**3 - 115*m**2 - 1055*m - 120. Give n(-8).
448
Let b(v) = 841*v + 258229. Determine b(-307).
42
Let o(n) = -n**3 + 22*n - 20. What is o(8)?
-356
Let g(y) = 8673*y + 35343. Give g(-4).
651
Let o(m) = 3*m**3 - 182*m**2 - 232*m - 145. Determine o(62).
847
Let y(g) = g**3 - 93*g**2 + 1610*g - 155. Calculate y(70).
-155
Let f(d) = -1775*d - 1657858. Give f(-934).
-8
Let m(y) = -7*y**3 + 1027*y**2 + 345*y - 7484. What is m(147)?
13
Let m(o) = -3*o**3 - 758*o**2 + 1004*o + 329. What is m(-254)?
3377
Let n(u) = -52241*u + 52234. Calculate n(1).
-7
Let v(w) = 2*w**3 - 9*w**2 + 353*w - 1046. What is v(3)?
-14
Let k(z) = 3*z**3 + 32*z**2 + 228*z + 1319. Determine k(-8).
7
Let c(k) = 1054*k - 154445. Give c(146).
-561
Let r(w) = -49*w**2 + 3415*w + 1059. Calculate r(70).
9
Let o(m) = -267*m + 7612. Calculate o(34).
-1466
Let x(w) = 16*w**2 - 1206*w - 118. Give x(76).
642
Let i(p) = 175446*p - 1052688. What is i(6)?
-12
Let q(c) = c**3 - 139*c**2 - 131*c + 17517. Calculate q(139).
-692
Let q(h) = -6469*h + 32221. Give q(5).
-124
Let v(g) = -g**3 - 33*g**2 + 153*g + 18. What is v(5)?
-167
Let w(m) = -m**3 + 177*m**2 + 540*m - 294. Determine w(180).
-294
Let o(n) = 22913*n - 45817. What is o(2)?
9
Let o(l) = -736*l**2 + 357*l + 325. Give o(-1).
-768
Let j(g) = 1142*g + 31737. What is j(-27)?
903
Let a(d) = -d**3 - 103*d**2 - 109*d - 682. Give a(-102).
32
Let g(z) = 7626*z - 30465. Give g(4).
39
Let j(o) = -o**3 - 187*o**2 + 2802*o - 2615. Determine j(-201).
-203
Let j(q) = 16*q**2 + 1181*q + 50. Determine j(0).
50
Let n(p) = -6268*p - 137866. What is n(-22)?
30
Let h(r) = -31818*r + 699976. Calculate h(22).
-20
Let m(h) = 68*h**2 - 5445*h + 396. What is m(80)?
-4
Let u(l) = l**3 - 56*l**2 + 560*l + 8. Determine u(13).
21
Let c(m) = 14*m**2 - 304*m + 170. Calculate c(21).
-40
Let q(s) = s**3 + 43*s**2 - 26*s - 667. Give q(-45).
-3547
Let b(o) = -2*o**2 + 170122*o - 3741700. Give b(22).
16
Let z(v) = -24096*v + 120156. Calculate z(5).
-324
Let r(f) = f**2 - 632*f - 153181. What is r(-187)?
-28
Let r(b) = -1528*b + 371248. What is r(243)?
-56
Let n(b) = -b**3 + 148*b**2 - 1055*b + 203468. Determine n(150).
218
Let s(f) = -f**3 - 198*f**2 - 579*f + 38247. Calculate s(-194).
29
Let x(k) = 53*k**2 - 167*k + 421. What is x(4)?
601
Let k(x) = -5*x**2 - 450*x + 240. Determine k(-93).
-1155
Let w(z) = -2*z**2 + 2420*z + 464. What is w(0)?
464
Let i(w) = 195*w - 15131. Give i(75).
-506
Let r(s) = -5*s**2 + 1150*s + 7070. Give r(236).
-10
Let f(y) = 82*y**2 - 344*y + 296. What is f(1)?
34
Let t(m) = -1606*m**2 - 48181*m - 20. What is t(-30)?
10
Let o(j) = -1421*j + 68197. Give o(48).
-11
Let z(t) = -957*t - 8613. Calculate z(-9).
0
Let i(g) = 1203*g + 9381. Give i(-7).
960
Let w(u) = u**3 - 30*u**2 + 139*u - 740. Give w(26).
170
Let k(l) = 3*l**3 - 18*l**2 - 217*l - 39. Calculate k(12).
-51
Let h(b) = 5*b**3 - 15*b**2 + 207*b - 927. Calculate h(4).
-19
Let x(p) = p**3 + 196*p**2 + 2131*p + 17736. What is x(-185)?
-24
Let j(u) = -u**2 - 23766*u + 404312. Calculate j(17).
1
Let y(h) = 43535*h - 20679118. Calculate y(475).
7
Let b(i) = 19*i**2 + 781*i + 488. Determine b(-35).
-3572
Let z(m) = 7*m**3 - 278*m**2 - 95*m + 607. Determine z(40).
7
Let t(f) = -5*f**2 - 166298*f + 166293. Calculate t(1).
-10
Let x(o) = -o**3 + 4*o**2 - 963*o + 2871. Give x(3).
-9
Let c(d) = 152*d**2 - 11963*d - 3559. Give c(79).
-4
Let q(y) = 115895*y + 231245. Calculate q(-2).
-545
Let h(p) = 2*p**2 - 561*p + 21768. Determine h(234).
6
Let i(p)